is the greatest common factor of 512058078 and 108?
54
Calculate the greatest common factor of 345929 and 32.
1
Calculate the greatest common divisor of 645998448 and 96.
48
What is the greatest common factor of 91606 and 76994?
562
What is the greatest common divisor of 1359 and 117441?
9
Calculate the greatest common factor of 62499 and 9518673.
753
Calculate the highest common divisor of 511164348 and 36.
12
Calculate the greatest common factor of 540891562 and 202.
202
Calculate the greatest common divisor of 23316 and 17621.
67
What is the greatest common factor of 90354 and 396144792?
8214
What is the highest common divisor of 500 and 177519400?
100
What is the highest common factor of 88002 and 26154?
18
Calculate the highest common factor of 477 and 18864.
9
What is the highest common factor of 5719 and 2135182?
133
What is the greatest common factor of 946 and 72208?
2
What is the highest common factor of 21 and 712999497?
21
What is the highest common factor of 252773829 and 2079?
693
Calculate the highest common factor of 5677350 and 5250.
1050
What is the greatest common factor of 335808 and 1343868?
636
What is the highest common factor of 12771648 and 72?
72
What is the highest common divisor of 639462 and 5197845?
591
What is the highest common divisor of 176 and 4461864?
88
Calculate the highest common factor of 11674 and 109122.
26
What is the greatest common divisor of 1486 and 8528154?
1486
What is the greatest common divisor of 17104 and 15536?
16
Calculate the highest common factor of 147946932 and 17388.
756
What is the highest common factor of 3230 and 228973?
17
Calculate the highest common factor of 196 and 192770165.
49
Calculate the greatest common factor of 258349 and 109837.
1547
Calculate the highest common factor of 138308 and 52616.
4
What is the highest common divisor of 579 and 38619879?
579
What is the greatest common factor of 12 and 70093868?
4
Calculate the highest common factor of 120780323 and 4541.
239
What is the greatest common factor of 2080601 and 46988?
691
Calculate the highest common factor of 71574 and 195288.
474
What is the highest common divisor of 176 and 103517480?
88
What is the highest common divisor of 45092347 and 901?
901
Calculate the highest common factor of 4 and 20658458.
2
What is the highest common factor of 180495438 and 12?
6
Calculate the greatest common divisor of 1830433358 and 26.
26
Calculate the highest common divisor of 91523 and 2489.
19
Calculate the highest common divisor of 941741909 and 8709.
2903
Calculate the highest common factor of 682070335 and 15.
5
Calculate the greatest common factor of 13861386 and 396.
198
What is the greatest common divisor of 50112 and 383830080?
5568
Calculate the greatest common divisor of 663672 and 768.
24
What is the greatest common divisor of 85 and 41001110?
85
Calculate the highest common divisor of 39 and 3243721.
13
Calculate the greatest common divisor of 709491 and 13176.
183
What is the greatest common factor of 8683 and 618321?
457
What is the greatest common divisor of 20234 and 100634?
134
What is the highest common factor of 5228796953 and 41?
41
Calculate the greatest common factor of 20185 and 119845.
55
What is the greatest common factor of 35559 and 49167?
81
Calculate the greatest common divisor of 1703 and 73463.
13
What is the greatest common divisor of 1001 and 85425340?
1001
What is the greatest common factor of 216 and 57501768?
24
What is the highest common factor of 702 and 1612845?
351
Calculate the greatest common divisor of 7322036 and 9006.
158
What is the greatest common divisor of 61844195 and 410?
205
Calculate the greatest common factor of 366681581 and 1554.
259
Calculate the highest common factor of 642 and 52799150.
214
What is the greatest common divisor of 390 and 1056225?
15
Calculate the greatest common divisor of 118344267 and 124.
31
What is the greatest common factor of 4883004 and 891?
81
What is the highest common factor of 18517109 and 1885?
377
Calculate the greatest common factor of 71733462 and 4113.
1371
Calculate the highest common factor of 7878 and 101681346.
7878
Calculate the greatest common factor of 141700370 and 560.
70
What is the greatest common factor of 488377 and 22748?
47
What is the highest common divisor of 5730 and 95135190?
5730
What is the highest common factor of 3440 and 1066400?
3440
Calculate the greatest common divisor of 366716 and 980.
196
Calculate the highest common divisor of 4589 and 211978.
13
What is the highest common divisor of 1729 and 1852823?
133
What is the greatest common factor of 3612 and 50840706?
1806
What is the highest common factor of 825 and 58431?
3
What is the highest common factor of 1582129 and 6862?
73
Calculate the highest common divisor of 83867400 and 81.
81
Calculate the highest common factor of 1895250 and 1590.
30
What is the highest common factor of 501097 and 2449?
79
What is the highest common factor of 12750 and 2431000?
4250
What is the greatest common factor of 840 and 372666?
42
Calculate the greatest common factor of 308762 and 183574.
526
Calculate the greatest common divisor of 355330 and 70.
10
Calculate the greatest common factor of 2728886 and 292.
146
Calculate the greatest common factor of 76281 and 4674240.
1623
Calculate the greatest common divisor of 7 and 168741083.
7
What is the greatest common factor of 3148 and 24628378?
1574
What is the highest common factor of 308838 and 3858?
6
Calculate the greatest common factor of 76328858 and 8.
2
What is the greatest common factor of 253 and 82861801?
253
What is the greatest common factor of 9339122 and 7254?
806
Calculate the highest common factor of 62807930 and 1070.
1070
What is the highest common factor of 19340350 and 25?
25
Calculate the highest common factor of 1496321 and 7.
1
Calculate the highest common factor of 5457 and 38573.
17
Calculate the highest common divisor of 257020 and 112535.
355
Calculate the greatest common factor of 8505 and 358190.
35
What is the greatest common divisor of 138062015 and 509383?
9611
What is the highest common divisor of 2192795 and 913?
11
Calculate the highest common divisor of 7567 and 91369363.
1081
What is the greatest common factor of 181062 and 55277558?
6706
What is the greatest common factor of 1968669 and 1080?
9
Calculate the highest common divisor of 1592000 and 3832000.
8000
What is the greatest common divisor of 915 and 65884941?
183
What is the highest common factor of 28781 and 11475?
17
What is the greatest common divisor of 144 and 144877104?
144
What is the greatest common divisor of 104 and 191594?
26
What is the greatest common divisor of 13 and 2431585?
13
Calculate the highest common factor of 48 and 27103.
1
What is the highest common divisor of 15013779 and 7590?
759
What is the highest common divisor of 234 and 422539?
13
What is the highest common divisor of 23 and 24208052?
23
Calculate the highest common factor of 7924 and 4264244.
1132
What is the greatest common factor of 10080 and 2874840?
120
What is the highest common factor of 1370175 and 1585?
5
What is the greatest common divisor of 1066611761 and 7699?
7699
Calculate the greatest common factor of 1305802 and 3266.
46
What is the highest common divisor of 46705632 and 106656?
9696
What is the highest common divisor of 34562 and 506?
22
Calculate the greatest common factor of 876 and 6594456.
12
What is the highest common divisor of 459000 and 274992?
408
What is the greatest common factor of 271232 and 260416?
832
Calculate the greatest common divisor of 8640 and 1760400.
2160
Calculate the greatest common factor of 15836 and 3803636.
428
What is the greatest common factor of 177795672 and 156?
12
What is the highest common divisor of 24358 and 2683226?
1282
Calculate the highest common divisor of 1302216 and 23664.
696
What is the highest common factor of 242109 and 156709?
427
What is the highest common divisor of 91690653 and 372?
93
What is the highest common divisor of 31619235 and 255?
255
What is the highest common factor of 72298356 and 572?
52
What is the highest common divisor of 3 and 70752462?
3
What is the highest common divisor of 177427586 and 114?
38
What is the greatest common factor of 148 and 2546872726?
74
Wh